nits digit of d(-9)?
0
Let n(y) = -y**3 - 9*y**2 + 4*y - 10. Let b be n(-10). Let g = b - 39. Suppose -x + 31 = -g. What is the units digit of x?
2
Let m(w) = 6*w - 26. Let z(q) = 2*q - 9. Let y(g) = -2*m(g) + 7*z(g). Let n be y(12). What is the units digit of (0 - -5) + -2 + 559/n?
6
Let m(u) = u + 7. Let t be m(-4). What is the units digit of (-2 + -27)/(t/(-45))?
5
Let h(d) = -d**3 + 5*d**2 + 2*d - 3. Let a be h(-3). Suppose 26 = -a*r + 65*r. What is the tens digit of r?
1
Suppose 18*l = -3629 + 28019. What is the tens digit of l?
5
What is the hundreds digit of 2231664/504 - 16/(-168)?
4
Let c(g) = 36*g**2 - 20*g + 21. Suppose 8*v + 7 = 4*k + 5*v, 4*v - 1 = -5*k. What is the units digit of c(k)?
7
Let j(y) = -59 + 3*y + 10*y + 66 - 18*y + 218. What is the tens digit of j(27)?
9
Let v be 0 + (-28)/21 - (-2568)/9. Let d = 372 - 522. Let p = d + v. What is the tens digit of p?
3
What is the units digit of 4 + 79117 + 338/(-13) + 15?
0
Let o(w) = -w**2 + 8*w + 23. Let q be o(10). Suppose x - 128 = 3*d, -557 = 3*x - 7*x - q*d. What is the hundreds digit of x?
1
Let i(h) = -h**3 - 11*h**2 - 61*h + 93. What is the thousands digit of i(-14)?
1
Suppose 9*t = -t + 2340. Let z = 421 - t. What is the tens digit of 2596/z - 4/(-34)?
1
Suppose 2 = 2*q, -2*p = -4*q + 93 + 189. Let l = 463 + p. What is the hundreds digit of 8 + -6 + l/2?
1
Let o(c) = 508*c + 240. Let y be o(7). Suppose -19*a = -8383 - y. What is the hundreds digit of a?
6
What is the units digit of -9 + 15832 + 14 + 13?
0
Let t(j) = 2*j**3 - 13*j**2 + 143*j - 30. What is the hundreds digit of t(13)?
0
Suppose -2*h + 4031 = -4*l + 691, 4*l + 5*h + 3368 = 0. Let q = 1749 + l. What is the units digit of q?
2
Let j(i) = 687 - 695 + 9*i**2 - 92*i + 7*i**2. What is the units digit of j(8)?
0
Let z(v) = -14856*v**3 + v**2 - 85*v - 85. What is the ten thousands digit of z(-1)?
1
Suppose 13*l + 84888 = 361489. What is the ten thousands digit of l?
2
What is the tens digit of -1 + 1/5 - 64219696/(-3020)?
6
Let m = 35847 + -12112. What is the thousands digit of m?
3
Let x be (-8 - 23032)*6/(-4). Suppose -23*j = 13*j - x. What is the tens digit of j?
6
Suppose 5*v - 3*q = -6*q + 584, 0 = v + 3*q - 112. Suppose 0 = -8*z - 128 - 72. Let y = z + v. What is the tens digit of y?
9
Let b = 2748 + -1060. Let t = b + -1149. What is the hundreds digit of t?
5
Let a = 600 - 252. Let v = a - 226. Suppose -4*q = -v - 10. What is the tens digit of q?
3
Let r be 1*((-1608)/60)/((-2)/(-20)). Let q = r + 485. What is the hundreds digit of q?
2
What is the units digit of (-1 + 2)*(-1391127 + 27)/(-30)?
0
Suppose -4*g + 5*w + 13 = -0*w, -4*g - 2*w + 6 = 0. Suppose 14 = -g*y + 44. Let m = y - -66. What is the units digit of m?
1
Let r(q) = -11*q - 38. Let w(p) = 12*p + 37. Let v(m) = 7*r(m) + 6*w(m). Let y be v(-10). Suppose 2*z - n - 169 = 0, n = y*n + 5. What is the tens digit of z?
8
Let v = -70 - -216. Suppose -145*f + v*f = 366. What is the tens digit of f?
6
Let q = -412 - 572. Let s = -116 - q. What is the tens digit of s?
6
Let d(q) = q**2 - 8*q - 2. Let p be d(-7). Let b = p + -100. Suppose b + 147 = 5*s. What is the tens digit of s?
3
Let q(l) = l**3 - 10*l**2 + 21*l - 67. Let o be q(17). Let t = -956 + o. What is the thousands digit of t?
1
Suppose 14*j + 6*j - 340 = 0. Suppose 2*x - 14 = -0*x - 2*a, 3*a - j = -2*x. What is the units digit of x?
4
Suppose 133*i + 620*i - 54567651 = 0. What is the units digit of i?
7
Let n(s) = s + 1. Let u(a) = -9*a**3 + 5*a**2 - 6. Let r(m) = 4*n(m) + u(m). Let c(d) = d**2 - 5*d - 8. Let i be c(6). What is the tens digit of r(i)?
8
Suppose 0 = -i + 1 + 4. Suppose 14 + 6 = -i*p, -5*p = -2*y - 246. What is the tens digit of (-858)/(-14) - (-38)/y?
6
Let s(b) = -506*b - 7012. What is the units digit of s(-50)?
8
Let i(s) = s**2 - 20*s + 37. Let r be i(18). Let a(w) = -r - 12 - 7 - 20*w. What is the tens digit of a(-4)?
6
Let n(o) = -4*o + 6. Let q be n(1). What is the units digit of 450 + 3*((-11)/3 + q)?
5
Suppose 2*l - 3*k - 107 = 0, -5*l - 8*k = -9*k - 287. Suppose 13270 = l*f - 17934. What is the tens digit of f?
3
Suppose 71*k + 87*k = 176*k - 338814. What is the tens digit of k?
2
Suppose 6 = -x + 12. Let z = x - 4. Suppose z*t - 3*c - 128 = 0, -113 = 4*t - c - 389. What is the tens digit of t?
7
Let q = 54 - -55. Suppose -10*h - q = -11*h. What is the tens digit of (-11)/(-44) + h*(-3)/(-4)?
8
Suppose -6 = -5*a + 4. Let i be ((-507)/6)/(a/(-4)). Suppose -4*y + 2*b + 228 = 0, -3*y + i = -3*b + b. What is the units digit of y?
9
Let h(p) = -p**3 - 12*p**2 + 13*p + 5. Let f be h(-13). What is the hundreds digit of (-3 + 5 - -49)*f?
2
Suppose -1255 + 97 = -6*s. Let u = 385 - s. What is the hundreds digit of u?
1
Suppose 5*c - 168466 = 3*b, -22*c - 5*b - 338504 + 1079627 = 0. What is the units digit of c?
9
Let j(s) be the second derivative of s**4/12 - s**3/2 + 2*s**2 + 11*s. Let n be j(3). Suppose -5*o - 147 = -n*x + 112, 0 = -o - 3. What is the tens digit of x?
6
Suppose 5*b - 3*b - 6 = 0. Suppose 1567 = 5*x - g, -3*x + b*g = -g - 947. Let r = x - 145. What is the tens digit of r?
6
Let u(t) = 101*t + 42. Let i be u(-13). Let m = i + 2699. What is the hundreds digit of m?
4
Suppose 0 = 4*n + 12, -2*x + n + 7 = 76. Let o = x - -36. Suppose -3*b + 6*b - 249 = o. What is the units digit of b?
3
Let s(q) = 80*q - 3. Let g(o) = 24*o + 126. Let x be g(-5). What is the hundreds digit of s(x)?
4
Let n(o) = -7*o + 113. Let s be n(15). Suppose 23 = -s*f + 39. What is the units digit of f?
2
Let w(p) = 17*p**2 + 8*p + 5. Let s(k) = k**2 - 12. Suppose 12*x + 18 = 18*x. Let y be s(x). What is the hundreds digit of w(y)?
1
Let z(y) = 2*y**2 + 26*y - 222. What is the ten thousands digit of z(-80)?
1
Suppose 349*w - 303*w - 194350 = 0. What is the units digit of w?
5
Let z be (-4 - (-4)/16)*-4. Let o(u) = -2*u + 35. Let k be o(z). What is the tens digit of (270/6 - k)*(-8)/(-5)?
6
Suppose p + 4 = 0, q - 3 = 2*p + 24. Suppose 16597 = q*d - 15836. What is the tens digit of d?
0
Let b be 70/15 + (-4)/(-3) + -2. Suppose b*a - 65 = -53. What is the hundreds digit of a - (-86)/(-30) - 5529/(-45)?
1
Suppose -199*p - 248874 = 90*p - 9871707. What is the units digit of p?
7
Let f(k) = 80*k + 3. Let y = -32 + 31. Let x be f(y). Let q = x + 151. What is the units digit of q?
4
Let d(y) = -y**2 - 3*y + 102. Let a be d(0). Suppose 0 = 2*k - 160 - a. What is the units digit of k?
1
Suppose d + 5*c = -4*d + 315, -5*d = 3*c - 321. Suppose 0 = 8*g - d + 18. What is the units digit of g?
6
Let t = 111 - 69. Suppose 40 = 38*m - t*m. Let x(j) = -j**3 - 10*j**2 - 4*j - 13. What is the tens digit of x(m)?
2
Let q = -57 + -20. Suppose -249*h + 244*h = 540. Let g = q - h. What is the units digit of g?
1
Suppose -5*t + 104855 = -475*i + 474*i, -2*i - 83878 = -4*t. What is the hundreds digit of t?
9
Suppose -200*j + 211*j = 106106. What is the hundreds digit of j?
6
Suppose 0 = 3*i - 341 + 329. What is the units digit of i/3*(3 + -1 + 61)?
4
Suppose -15*s - 651 = 69. What is the units digit of (-8056)/s + (-1 - (-28)/24)?
8
Let t(q) = q**3 + q**2 + 3*q - 2. Let s be t(1). Let g = s + 296. What is the tens digit of g?
9
What is the hundreds digit of (-10)/(-85) - 764300/(-170)?
4
Let r = 96 + -126. Let f = r - -414. What is the units digit of f?
4
Let n be (11/(-4) - -2) + (-1246)/(-8). Suppose -n = -h + 4*p, 5*p - 426 = -3*h + 90. Suppose 31 - h = -k. What is the units digit of k?
6
Let t(s) = 2*s - 4. Let d be t(-9). Let n = -59 - d. Let o = -15 - n. What is the tens digit of o?
2
Let d = -6957 - -12173. What is the thousands digit of d?
5
Suppose 3*v - 100 = -4*l, 2*v - 3*l + 96 = 5*v. Let i = v - -252. What is the hundreds digit of i?
2
Let f be (-2 + (-57)/(-9))/((-6)/18). What is the hundreds digit of (-16)/(-104) + (-3170)/f?
2
Let h(u) = -41*u + 12. Let y(t) = t - 1. Let j(i) = h(i) - 2*y(i). What is the tens digit of j(-7)?
1
Suppose 55*r - 51*r - 18065 = b, -5*r - 4*b + 22618 = 0. What is the tens digit of r?
1
Suppose -4*v = -5*y + 7, 5*v - y - 7 = -0. What is the hundreds digit of (-4086)/(-12)*(v + 0)?
6
Let g(v) = 154*v**3 - v**2 + 2*v + 4. Suppose 2*k + h + 1 = 0, k - 9*h = -4*h + 27. What is the tens digit of g(k)?
3
Let n(p) = 456*p + 1. Suppose -2*t - 2 + 1 = v, -4*t = -5*v - 19. What is the